prime factors of x?
23, 311
Let s be (-320)/(-152) - 2/19. Suppose -560 = -2*j - 3*b, s*b + 827 = 3*j - 0*b. List the prime factors of j.
277
Let a(r) = -r**3 + 18*r**2 - 22*r - 4. Let m = -104 + 202. Let q = m + -82. What are the prime factors of a(q)?
2, 3, 13
Let w = -181 - -78. List the prime factors of (-2 + 3)*1 - w.
2, 13
Let i(r) = -r**3 - r**2 + 105*r - 5. List the prime factors of i(-17).
2, 13, 109
Suppose -d + 42 = -2*v + 36, 3*v - 4*d = -4. What are the prime factors of (268 - (1 + v))/1?
271
Suppose 4 = 2*h - 0, 2*h = 5*r - 141. Suppose r*a + 27 = 30*a. Let o = a - 5. List the prime factors of o.
2, 11
Let c(p) = 40*p**3 - p**2 - 2. Let b be 4/12 + 25/15. List the prime factors of c(b).
2, 157
Let y(a) = 700*a - 2734. List the prime factors of y(58).
2, 3, 6311
Let o = 5231 - -8711. List the prime factors of o.
2, 6971
Suppose -479*n + 488*n = -70929. List the prime factors of ((-37)/3)/(71/n).
37
Suppose -21543 = -g + 2273 + 7253. What are the prime factors of g?
31069
Let k = 10588 + 7740. What are the prime factors of k?
2, 29, 79
Let l(h) = -h**2 + 66*h + 37614. List the prime factors of l(0).
2, 3, 6269
Suppose 2*t = 7*t + 105. Let n(g) = -g**2 - 23*g + 24. Let u be n(t). Suppose -2*s = 4, 3*x + 2*s - 374 = u. List the prime factors of x.
2, 37
Let l be -8 + 5 - (0 + 2 - 173). Let v be l/(-36) + (-2)/(-3). Let y(c) = -14*c + 7. List the prime factors of y(v).
3, 7
Let h be (-1)/(5 - (-80)/(-15)). Suppose -4*i = -h*s - 2507, 2971 = 4*i - 2*s + 469. List the prime factors of i.
7, 89
Let k be (-150*7/(-21))/((-4)/(-34)). Suppose -k = -8*p + 1167. What are the prime factors of p?
199
Let s(a) = -a**2 + 14*a + 20. Let j be s(15). Let n(d) = 316*d + 231. List the prime factors of n(j).
1811
Suppose -13*w + 264174 + 339741 = 0. List the prime factors of w.
3, 5, 19, 163
Let s = -34 + 41. Suppose 0 = -s*n + 121 + 26. Let t = 45 - n. List the prime factors of t.
2, 3
Let g = 30157 - 24259. List the prime factors of g.
2, 3, 983
Let w be (-2)/(-8)*0 - 1*-3. Suppose 0 = -4*o + x + 172, -4 + 16 = w*x. List the prime factors of 4*(-2)/(-4) + o.
2, 23
Let z(p) = 18*p + 5. Let s be z(3). Suppose 2*m = 11 - s. Let a = 51 + m. What are the prime factors of a?
3
Let a(q) = q**3 - 19*q**2 + 4*q - 71. Let c be a(19). Let z(u) = 23*u**2 - 13*u - 3. List the prime factors of z(c).
3, 13
Suppose 9*n = 8*n. Suppose n = 4*x + 2 - 34. Suppose x*h - 1643 - 181 = 0. List the prime factors of h.
2, 3, 19
Suppose -5*h - 5*w + 23217 = -32353, -5*h + 2*w + 55598 = 0. List the prime factors of h.
2, 3, 17, 109
Let k(j) = 1091*j**2 + 19*j + 150. List the prime factors of k(-5).
2, 3, 5, 911
Let v be -2 - -3748*(-5)/20. Let u = v + 1432. List the prime factors of u.
17, 29
Let y be (26/(-3))/(9/(81/(-6))). Let c(q) = -q**3 + 12*q**2 + 13*q - 23. Let i be c(y). Let l = i - -44. List the prime factors of l.
3, 7
Let g(j) = -5*j + 11*j + 127*j + 14. Let k be g(5). Suppose k + 203 = 9*v. List the prime factors of v.
2, 7
Let i(b) = -34*b**3 - 9*b**2 + 35*b - 1. List the prime factors of i(-7).
5, 439
Let r = -36 + 36. Let v be r + 0*(-3)/(-6) + -8. Let j(k) = -k**2 - 15*k + 19. List the prime factors of j(v).
3, 5
Suppose -2*c = c - 12. Let u(k) be the first derivative of 21*k**2/2 + 9*k + 31. List the prime factors of u(c).
3, 31
Let w(f) = -f**2 + 4*f + 24. Let g be w(10). What are the prime factors of (-14715)/g + (-5)/(-4)?
2, 5, 41
Let z = 5305 - -10009. Suppose 0 = -25*p + z + 10186. What are the prime factors of p?
2, 3, 5, 17
Let a(f) = -5*f**3 + 8*f**2 - 20*f - 95. Let q be a(-7). Let d = q + -1182. What are the prime factors of d?
2, 5, 97
Suppose 33*w - 56736 = 51*w - 26*w. List the prime factors of w.
2, 3, 197
Suppose 15*u + 19516 = 22*u. List the prime factors of u.
2, 17, 41
Let m(v) = -6*v**3 - 8*v**2 - 4*v + 20. Let d(z) = -6*z**3 - 9*z**2 - 5*z + 19. Let n(y) = 2*d(y) - 3*m(y). What are the prime factors of n(3)?
2, 5
Suppose -287*c + 11382 = -284*c - 879. What are the prime factors of c?
61, 67
Let t(v) = 12*v**2 + 82*v + 89. What are the prime factors of t(-20)?
3, 19
Let k(d) = 5*d**3 + 31*d**2 + 11*d + 221. List the prime factors of k(18).
39623
Let p = 15749 + 6793. What are the prime factors of p?
2, 3, 13, 17
Let n be 0 + 14/(42/(-1899)). What are the prime factors of (-132)/(-330) + n/(-5)?
127
Let h(u) = -5*u**2 + 33*u + 16. Let p be h(11). Let o = p + 455. List the prime factors of o.
229
What are the prime factors of -1 + 1174608/204 - (-2)/17?
3, 19, 101
Let s = 1079 + -329. Let g(q) = q**2 - 22*q + 35. Let p be g(29). Suppose p*d - s = 233*d. List the prime factors of d.
2, 3, 5
Let y(n) = n**2 - 22*n - 6. Let r = -246 + 225. List the prime factors of y(r).
3, 13, 23
Let j = -1013 - -337. Let d be (-130)/13 + (10 - 4 - 2). List the prime factors of j/d + 14/42.
113
Let c = -124 - -258. Suppose -4*r + u + 442 = 0, 3*r - 4*u - 9 - 329 = 0. Suppose r = p - c. List the prime factors of p.
2, 61
Let n = 17018 - 5688. What are the prime factors of n?
2, 5, 11, 103
Let h = 956 - 964. Let k(t) = -146*t + 15. What are the prime factors of k(h)?
7, 13
Let k = -44 + 48. Suppose 3*l - 5*j = -248, k*l + 168 + 144 = 2*j. List the prime factors of (2 - l/6)*42/4.
2, 7, 11
List the prime factors of (10 - (13 - 30/5))*1997.
3, 1997
Suppose 0 = 6*o + 161 - 1493. Suppose 13*w = o + 506. What are the prime factors of w?
2, 7
Let u = 21430 - 9218. What are the prime factors of u?
2, 43, 71
Let s be -9*(-4)/6 - 4. Suppose 0 = -s*m + 103 + 633. What are the prime factors of m?
2, 23
Let g(o) = 15*o**2 - 2*o + 1. Let w = 73 - -5. Let c = 81 - w. List the prime factors of g(c).
2, 5, 13
Suppose -5*i - 31 = -1. Let l(j) = 5*j + 33. Let z be l(i). Suppose 454 = 5*s - z*a, -4*s + 341 = -0*a + 5*a. What are the prime factors of s?
89
Let c be (-2 - (-5 - -4)) + 31. Let h be ((-15)/c*1*-6)/1. Suppose -2*a - 572 = -3*l, -8 = 5*a - h*a. List the prime factors of l.
2, 47
Let b = 13351 - 9369. List the prime factors of b.
2, 11, 181
Let o(z) = -8*z + 8. Let b be -14 - (-5 + 8 - 4). What are the prime factors of o(b)?
2, 7
Let d be (0 + -1 + 332/(-16))*-116. Let k = d + -1768. List the prime factors of k.
5, 151
Suppose 0 = -5*i + 30*i - 386059 - 938816. List the prime factors of i.
3, 5, 3533
Suppose 13*a - 9*a = -52. Let p = a - -172. What are the prime factors of p?
3, 53
Suppose -22*i + 94 = -2*j - 19*i, 3*i - 188 = 4*j. Let v = 260 - 160. Let q = v + j. What are the prime factors of q?
53
Let x = -5205 - -16793. List the prime factors of x.
2, 2897
Let m(f) = 115*f - 159. Let h be m(13). Suppose -5*y + 1652 = -0*y - 4*j, -4*j = 4*y - h. List the prime factors of y.
2, 83
Let m(b) = 12*b + 18 + 14 + 55. What are the prime factors of m(17)?
3, 97
Let o = -49113 - -101374. List the prime factors of o.
11, 4751
Suppose 6*o - 88 = 170. Suppose 0 = 7*d - 3*d - 12. Suppose 0 = -d*u - o + 292. What are the prime factors of u?
83
Let d(x) = 15 - 27*x**2 + 49*x + x**3 - 18 + 0*x + 29. Let q be d(25). List the prime factors of 5/1*(0/5 + q).
5
List the prime factors of (-22)/(-99) - 9/((-729)/1494189).
3, 11, 13, 43
Suppose 2*d = n - 10789, 111*n = 109*n + 5*d + 21580. What are the prime factors of n?
3, 5, 719
Suppose -2*f + 5*t = -3192, 137*f - 135*f + 4*t = 3174. List the prime factors of f.
37, 43
Let c(j) = 3*j + 120. Let k be c(-46). List the prime factors of ((-993)/k)/(1/18).
3, 331
Let c = 77 + -51. Let t(s) = -3*s**2 - 14*s - 18. Let g be t(-4). Let b = g + c. List the prime factors of b.
2
Let g(d) = -6*d - 146. Let i be g(-25). Suppose 4*k - 980 = -4*c, 5*c + 755 = 3*k + i*c. What are the prime factors of k?
2, 5
Let w be 10/20*(-7)/(21/(-1812)). Suppose -o = -w - 252. What are the prime factors of o?
2, 277
Let f be ((-24)/(-20))/((-12)/(-80)). Suppose -f*p + 80 = -112. List the prime factors of p.
2, 3
Let r be -140 - ((-3)/(-2) + 36/72). What are the prime factors of (-1065)/r*32/3?
2, 5
Suppose 0 = -4*h - 5*n + 1986 + 37341, 3*n = -7*h + 68805. What are the prime factors of h?
2, 3, 7, 13
Let b be 100/(-2)*(-1417)/65. Suppose 0 = -21*l + 9011 + b. List the prime factors of l.
13, 37
Suppose -3*c = 3*s - 165081, -4*c = -3*s + 253317 - 88299. What are the prime factors of s?
2, 27509
Suppose -128 = -2*w + 5*z, 232 = 4*w - 0*w + 2*z. Suppose -3*g = -5*g